{"id":2970,"date":"2017-08-14T23:12:56","date_gmt":"2017-08-14T23:12:56","guid":{"rendered":"https:\/\/www.pucp.edu.pe\/climadecambios\/sobre-clima-de-cambios\/que-es-el-cambio-climatico\/cambio-climatico-en-cifras\/"},"modified":"2018-02-20T00:40:32","modified_gmt":"2018-02-20T00:40:32","slug":"cambio-climatico-en-cifras","status":"publish","type":"page","link":"https:\/\/www.pucp.edu.pe\/climadecambios\/sobre-clima-de-cambios\/que-es-el-cambio-climatico\/cambio-climatico-en-cifras\/","title":{"rendered":"Cambio clim\u00e1tico en cifras"},"content":{"rendered":"<p>Los \u00faltimos datos sobre el acceso a agua potable revelan la precariedad del abastecimiento del recurso h\u00eddrico. A nivel nacional, 7 millones de personas\u00a0no cuentan con este servicio. El cambio clim\u00e1tico afecta:<\/p>\n<ul>\n<li>La situaci\u00f3n actual de la Cordillera Blanca<\/li>\n<li>Los cambios sufridos en la temperatura de la superficie terrestre y el oc\u00e9ano<\/li>\n<li>Estimaciones a nivel mundial para el 2020, entre otros efectos<\/li>\n<\/ul>\n<h2>Acceso al agua en Per\u00fa:<\/h2>\n<p><iframe loading=\"lazy\" style=\"border: 0;\" src=\"https:\/\/datastudio.google.com\/embed\/reporting\/1oJn2U8VRGDhZ2DUqepSAQEfXXAlL8zhY\/page\/4uOL\" width=\"830\" height=\"550\" frameborder=\"0\" allowfullscreen=\"allowfullscreen\"><\/iframe><\/p>\n","protected":false},"excerpt":{"rendered":"<p>Los \u00faltimos datos sobre el acceso a agua potable revelan la precariedad del abastecimiento del recurso h\u00eddrico. A nivel nacional, 7 millones de personas\u00a0no cuentan con este servicio. El cambio clim\u00e1tico afecta: La situaci\u00f3n actual de la Cordillera Blanca Los cambios sufridos en la temperatura de la superficie terrestre y el oc\u00e9ano Estimaciones a nivel [&hellip;]<\/p>\n","protected":false},"author":23,"featured_media":0,"parent":2967,"menu_order":2,"comment_status":"closed","ping_status":"closed","template":"","meta":{"_acf_changed":false,"footnotes":""},"class_list":["post-2970","page","type-page","status-publish","hentry"],"acf":[],"yoast_head":"<!-- This site is optimized with the Yoast SEO plugin v27.1.1 - https:\/\/yoast.com\/product\/yoast-seo-wordpress\/ -->\n<title>Cambio clim\u00e1tico en cifras - Clima de cambios<\/title>\n<meta name=\"robots\" content=\"index, follow, max-snippet:-1, max-image-preview:large, max-video-preview:-1\" \/>\n<link rel=\"canonical\" href=\"https:\/\/www.pucp.edu.pe\/climadecambios\/sobre-clima-de-cambios\/que-es-el-cambio-climatico\/cambio-climatico-en-cifras\/\" \/>\n<meta property=\"og:locale\" content=\"es_ES\" \/>\n<meta property=\"og:type\" content=\"article\" \/>\n<meta property=\"og:title\" content=\"Cambio clim\u00e1tico en cifras - Clima de cambios\" \/>\n<meta property=\"og:description\" content=\"Los \u00faltimos datos sobre el acceso a agua potable revelan la precariedad del abastecimiento del recurso h\u00eddrico. A nivel nacional, 7 millones de personas\u00a0no cuentan con este servicio. El cambio clim\u00e1tico afecta: La situaci\u00f3n actual de la Cordillera Blanca Los cambios sufridos en la temperatura de la superficie terrestre y el oc\u00e9ano Estimaciones a nivel [&hellip;]\" \/>\n<meta property=\"og:url\" content=\"https:\/\/www.pucp.edu.pe\/climadecambios\/sobre-clima-de-cambios\/que-es-el-cambio-climatico\/cambio-climatico-en-cifras\/\" \/>\n<meta property=\"og:site_name\" content=\"Clima de cambios\" \/>\n<meta property=\"article:modified_time\" content=\"2018-02-20T00:40:32+00:00\" \/>\n<script type=\"application\/ld+json\" class=\"yoast-schema-graph\">{\"@context\":\"https:\/\/schema.org\",\"@graph\":[{\"@type\":\"WebPage\",\"@id\":\"https:\/\/www.pucp.edu.pe\/climadecambios\/sobre-clima-de-cambios\/que-es-el-cambio-climatico\/cambio-climatico-en-cifras\/\",\"url\":\"https:\/\/www.pucp.edu.pe\/climadecambios\/sobre-clima-de-cambios\/que-es-el-cambio-climatico\/cambio-climatico-en-cifras\/\",\"name\":\"Cambio clim\u00e1tico en cifras - Clima de cambios\",\"isPartOf\":{\"@id\":\"https:\/\/www.pucp.edu.pe\/climadecambios\/#website\"},\"datePublished\":\"2017-08-14T23:12:56+00:00\",\"dateModified\":\"2018-02-20T00:40:32+00:00\",\"breadcrumb\":{\"@id\":\"https:\/\/www.pucp.edu.pe\/climadecambios\/sobre-clima-de-cambios\/que-es-el-cambio-climatico\/cambio-climatico-en-cifras\/#breadcrumb\"},\"inLanguage\":\"es\",\"potentialAction\":[{\"@type\":\"ReadAction\",\"target\":[\"https:\/\/www.pucp.edu.pe\/climadecambios\/sobre-clima-de-cambios\/que-es-el-cambio-climatico\/cambio-climatico-en-cifras\/\"]}]},{\"@type\":\"BreadcrumbList\",\"@id\":\"https:\/\/www.pucp.edu.pe\/climadecambios\/sobre-clima-de-cambios\/que-es-el-cambio-climatico\/cambio-climatico-en-cifras\/#breadcrumb\",\"itemListElement\":[{\"@type\":\"ListItem\",\"position\":1,\"name\":\"Home\",\"item\":\"https:\/\/www.pucp.edu.pe\/climadecambios\/\"},{\"@type\":\"ListItem\",\"position\":2,\"name\":\"Sobre Clima de Cambios\",\"item\":\"https:\/\/www.pucp.edu.pe\/climadecambios\/sobre-clima-de-cambios\/\"},{\"@type\":\"ListItem\",\"position\":3,\"name\":\"\u00bfQu\u00e9 es el cambio clim\u00e1tico?\",\"item\":\"https:\/\/www.pucp.edu.pe\/climadecambios\/sobre-clima-de-cambios\/que-es-el-cambio-climatico\/\"},{\"@type\":\"ListItem\",\"position\":4,\"name\":\"Cambio clim\u00e1tico en cifras\"}]},{\"@type\":\"WebSite\",\"@id\":\"https:\/\/www.pucp.edu.pe\/climadecambios\/#website\",\"url\":\"https:\/\/www.pucp.edu.pe\/climadecambios\/\",\"name\":\"Clima de cambios\",\"description\":\"Clima de Cambios es una iniciativa medioambiental de la Pontificia Universidad Cat\u00f3lica del Per\u00fa para concientizar y sensibilizar a la ciudadan\u00eda sobre los efectos del cambio clim\u00e1tico en el Per\u00fa y el mundo.\",\"potentialAction\":[{\"@type\":\"SearchAction\",\"target\":{\"@type\":\"EntryPoint\",\"urlTemplate\":\"https:\/\/www.pucp.edu.pe\/climadecambios\/?s={search_term_string}\"},\"query-input\":{\"@type\":\"PropertyValueSpecification\",\"valueRequired\":true,\"valueName\":\"search_term_string\"}}],\"inLanguage\":\"es\"}]}<\/script>\n<!-- \/ Yoast SEO plugin. -->","yoast_head_json":{"title":"Cambio clim\u00e1tico en cifras - Clima de cambios","robots":{"index":"index","follow":"follow","max-snippet":"max-snippet:-1","max-image-preview":"max-image-preview:large","max-video-preview":"max-video-preview:-1"},"canonical":"https:\/\/www.pucp.edu.pe\/climadecambios\/sobre-clima-de-cambios\/que-es-el-cambio-climatico\/cambio-climatico-en-cifras\/","og_locale":"es_ES","og_type":"article","og_title":"Cambio clim\u00e1tico en cifras - Clima de cambios","og_description":"Los \u00faltimos datos sobre el acceso a agua potable revelan la precariedad del abastecimiento del recurso h\u00eddrico. A nivel nacional, 7 millones de personas\u00a0no cuentan con este servicio. El cambio clim\u00e1tico afecta: La situaci\u00f3n actual de la Cordillera Blanca Los cambios sufridos en la temperatura de la superficie terrestre y el oc\u00e9ano Estimaciones a nivel [&hellip;]","og_url":"https:\/\/www.pucp.edu.pe\/climadecambios\/sobre-clima-de-cambios\/que-es-el-cambio-climatico\/cambio-climatico-en-cifras\/","og_site_name":"Clima de cambios","article_modified_time":"2018-02-20T00:40:32+00:00","schema":{"@context":"https:\/\/schema.org","@graph":[{"@type":"WebPage","@id":"https:\/\/www.pucp.edu.pe\/climadecambios\/sobre-clima-de-cambios\/que-es-el-cambio-climatico\/cambio-climatico-en-cifras\/","url":"https:\/\/www.pucp.edu.pe\/climadecambios\/sobre-clima-de-cambios\/que-es-el-cambio-climatico\/cambio-climatico-en-cifras\/","name":"Cambio clim\u00e1tico en cifras - Clima de cambios","isPartOf":{"@id":"https:\/\/www.pucp.edu.pe\/climadecambios\/#website"},"datePublished":"2017-08-14T23:12:56+00:00","dateModified":"2018-02-20T00:40:32+00:00","breadcrumb":{"@id":"https:\/\/www.pucp.edu.pe\/climadecambios\/sobre-clima-de-cambios\/que-es-el-cambio-climatico\/cambio-climatico-en-cifras\/#breadcrumb"},"inLanguage":"es","potentialAction":[{"@type":"ReadAction","target":["https:\/\/www.pucp.edu.pe\/climadecambios\/sobre-clima-de-cambios\/que-es-el-cambio-climatico\/cambio-climatico-en-cifras\/"]}]},{"@type":"BreadcrumbList","@id":"https:\/\/www.pucp.edu.pe\/climadecambios\/sobre-clima-de-cambios\/que-es-el-cambio-climatico\/cambio-climatico-en-cifras\/#breadcrumb","itemListElement":[{"@type":"ListItem","position":1,"name":"Home","item":"https:\/\/www.pucp.edu.pe\/climadecambios\/"},{"@type":"ListItem","position":2,"name":"Sobre Clima de Cambios","item":"https:\/\/www.pucp.edu.pe\/climadecambios\/sobre-clima-de-cambios\/"},{"@type":"ListItem","position":3,"name":"\u00bfQu\u00e9 es el cambio clim\u00e1tico?","item":"https:\/\/www.pucp.edu.pe\/climadecambios\/sobre-clima-de-cambios\/que-es-el-cambio-climatico\/"},{"@type":"ListItem","position":4,"name":"Cambio clim\u00e1tico en cifras"}]},{"@type":"WebSite","@id":"https:\/\/www.pucp.edu.pe\/climadecambios\/#website","url":"https:\/\/www.pucp.edu.pe\/climadecambios\/","name":"Clima de cambios","description":"Clima de Cambios es una iniciativa medioambiental de la Pontificia Universidad Cat\u00f3lica del Per\u00fa para concientizar y sensibilizar a la ciudadan\u00eda sobre los efectos del cambio clim\u00e1tico en el Per\u00fa y el mundo.","potentialAction":[{"@type":"SearchAction","target":{"@type":"EntryPoint","urlTemplate":"https:\/\/www.pucp.edu.pe\/climadecambios\/?s={search_term_string}"},"query-input":{"@type":"PropertyValueSpecification","valueRequired":true,"valueName":"search_term_string"}}],"inLanguage":"es"}]}},"_links":{"self":[{"href":"https:\/\/www.pucp.edu.pe\/climadecambios\/wp-json\/wp\/v2\/pages\/2970","targetHints":{"allow":["GET"]}}],"collection":[{"href":"https:\/\/www.pucp.edu.pe\/climadecambios\/wp-json\/wp\/v2\/pages"}],"about":[{"href":"https:\/\/www.pucp.edu.pe\/climadecambios\/wp-json\/wp\/v2\/types\/page"}],"author":[{"embeddable":true,"href":"https:\/\/www.pucp.edu.pe\/climadecambios\/wp-json\/wp\/v2\/users\/23"}],"replies":[{"embeddable":true,"href":"https:\/\/www.pucp.edu.pe\/climadecambios\/wp-json\/wp\/v2\/comments?post=2970"}],"version-history":[{"count":0,"href":"https:\/\/www.pucp.edu.pe\/climadecambios\/wp-json\/wp\/v2\/pages\/2970\/revisions"}],"up":[{"embeddable":true,"href":"https:\/\/www.pucp.edu.pe\/climadecambios\/wp-json\/wp\/v2\/pages\/2967"}],"wp:attachment":[{"href":"https:\/\/www.pucp.edu.pe\/climadecambios\/wp-json\/wp\/v2\/media?parent=2970"}],"curies":[{"name":"wp","href":"https:\/\/api.w.org\/{rel}","templated":true}]}}