{"id":14033,"date":"2025-09-18T16:37:50","date_gmt":"2025-09-18T21:37:50","guid":{"rendered":"https:\/\/www.pucp.edu.pe\/climadecambios\/la-pucp-camino-a-la-cop30\/investigacion\/"},"modified":"2025-11-28T15:52:03","modified_gmt":"2025-11-28T20:52:03","slug":"investigacion","status":"publish","type":"page","link":"https:\/\/www.pucp.edu.pe\/climadecambios\/la-pucp-camino-a-la-cop30\/investigacion\/","title":{"rendered":"Investigaci\u00f3n"},"content":{"rendered":"<p>La PUCP contribuye activamente a la lucha frente al cambio clim\u00e1tico a trav\u00e9s de proyectos de investigaci\u00f3n especialidades e interdisciplinarios que abordan tanto los impactos como las posibles soluciones frente a este fen\u00f3meno. Nuestros investigadores trabajan en \u00e1reas como energ\u00edas renovables, gesti\u00f3n de recursos h\u00eddricos, conservaci\u00f3n de ecosistemas y dise\u00f1o de ciudades sostenibles, generando conocimiento aplicado que orienta pol\u00edticas p\u00fablicas y pr\u00e1cticas empresariales. De esta manera, la Universidad produce ciencia de calidad y articula innovaciones y creaciones orientadas a atender el necesidades urgentes del pa\u00eds y la regi\u00f3n para la adaptaci\u00f3n y mitigaci\u00f3n del cambio clim\u00e1tico.<\/p>\n","protected":false},"excerpt":{"rendered":"<p>La PUCP contribuye activamente a la lucha frente al cambio clim\u00e1tico a trav\u00e9s de proyectos de investigaci\u00f3n especialidades e interdisciplinarios que abordan tanto los impactos como las posibles soluciones frente a este fen\u00f3meno. Nuestros investigadores trabajan en \u00e1reas como energ\u00edas renovables, gesti\u00f3n de recursos h\u00eddricos, conservaci\u00f3n de ecosistemas y dise\u00f1o de ciudades sostenibles, generando conocimiento [&hellip;]<\/p>\n","protected":false},"author":23,"featured_media":0,"parent":14031,"menu_order":1,"comment_status":"closed","ping_status":"closed","template":"","meta":{"_acf_changed":false,"footnotes":""},"class_list":["post-14033","page","type-page","status-publish","hentry"],"acf":[],"yoast_head":"<!-- This site is optimized with the Yoast SEO plugin v27.1.1 - https:\/\/yoast.com\/product\/yoast-seo-wordpress\/ -->\n<title>Investigaci\u00f3n - Clima de cambios<\/title>\n<meta name=\"robots\" content=\"index, follow, max-snippet:-1, max-image-preview:large, max-video-preview:-1\" \/>\n<link rel=\"canonical\" href=\"https:\/\/www.pucp.edu.pe\/climadecambios\/la-pucp-camino-a-la-cop30\/investigacion\/\" \/>\n<meta property=\"og:locale\" content=\"es_ES\" \/>\n<meta property=\"og:type\" content=\"article\" \/>\n<meta property=\"og:title\" content=\"Investigaci\u00f3n - Clima de cambios\" \/>\n<meta property=\"og:description\" content=\"La PUCP contribuye activamente a la lucha frente al cambio clim\u00e1tico a trav\u00e9s de proyectos de investigaci\u00f3n especialidades e interdisciplinarios que abordan tanto los impactos como las posibles soluciones frente a este fen\u00f3meno. Nuestros investigadores trabajan en \u00e1reas como energ\u00edas renovables, gesti\u00f3n de recursos h\u00eddricos, conservaci\u00f3n de ecosistemas y dise\u00f1o de ciudades sostenibles, generando conocimiento [&hellip;]\" \/>\n<meta property=\"og:url\" content=\"https:\/\/www.pucp.edu.pe\/climadecambios\/la-pucp-camino-a-la-cop30\/investigacion\/\" \/>\n<meta property=\"og:site_name\" content=\"Clima de cambios\" \/>\n<meta property=\"article:modified_time\" content=\"2025-11-28T20:52:03+00:00\" \/>\n<meta name=\"twitter:label1\" content=\"Tiempo de lectura\" \/>\n\t<meta name=\"twitter:data1\" content=\"1 minuto\" \/>\n<script type=\"application\/ld+json\" class=\"yoast-schema-graph\">{\"@context\":\"https:\/\/schema.org\",\"@graph\":[{\"@type\":\"WebPage\",\"@id\":\"https:\/\/www.pucp.edu.pe\/climadecambios\/la-pucp-camino-a-la-cop30\/investigacion\/\",\"url\":\"https:\/\/www.pucp.edu.pe\/climadecambios\/la-pucp-camino-a-la-cop30\/investigacion\/\",\"name\":\"Investigaci\u00f3n - Clima de cambios\",\"isPartOf\":{\"@id\":\"https:\/\/www.pucp.edu.pe\/climadecambios\/#website\"},\"datePublished\":\"2025-09-18T21:37:50+00:00\",\"dateModified\":\"2025-11-28T20:52:03+00:00\",\"breadcrumb\":{\"@id\":\"https:\/\/www.pucp.edu.pe\/climadecambios\/la-pucp-camino-a-la-cop30\/investigacion\/#breadcrumb\"},\"inLanguage\":\"es\",\"potentialAction\":[{\"@type\":\"ReadAction\",\"target\":[\"https:\/\/www.pucp.edu.pe\/climadecambios\/la-pucp-camino-a-la-cop30\/investigacion\/\"]}]},{\"@type\":\"BreadcrumbList\",\"@id\":\"https:\/\/www.pucp.edu.pe\/climadecambios\/la-pucp-camino-a-la-cop30\/investigacion\/#breadcrumb\",\"itemListElement\":[{\"@type\":\"ListItem\",\"position\":1,\"name\":\"Home\",\"item\":\"https:\/\/www.pucp.edu.pe\/climadecambios\/\"},{\"@type\":\"ListItem\",\"position\":2,\"name\":\"La PUCP en la COP30\",\"item\":\"https:\/\/www.pucp.edu.pe\/climadecambios\/la-pucp-camino-a-la-cop30\/\"},{\"@type\":\"ListItem\",\"position\":3,\"name\":\"Investigaci\u00f3n\"}]},{\"@type\":\"WebSite\",\"@id\":\"https:\/\/www.pucp.edu.pe\/climadecambios\/#website\",\"url\":\"https:\/\/www.pucp.edu.pe\/climadecambios\/\",\"name\":\"Clima de cambios\",\"description\":\"Clima de Cambios es una iniciativa medioambiental de la Pontificia Universidad Cat\u00f3lica del Per\u00fa para concientizar y sensibilizar a la ciudadan\u00eda sobre los efectos del cambio clim\u00e1tico en el Per\u00fa y el mundo.\",\"potentialAction\":[{\"@type\":\"SearchAction\",\"target\":{\"@type\":\"EntryPoint\",\"urlTemplate\":\"https:\/\/www.pucp.edu.pe\/climadecambios\/?s={search_term_string}\"},\"query-input\":{\"@type\":\"PropertyValueSpecification\",\"valueRequired\":true,\"valueName\":\"search_term_string\"}}],\"inLanguage\":\"es\"}]}<\/script>\n<!-- \/ Yoast SEO plugin. -->","yoast_head_json":{"title":"Investigaci\u00f3n - Clima de cambios","robots":{"index":"index","follow":"follow","max-snippet":"max-snippet:-1","max-image-preview":"max-image-preview:large","max-video-preview":"max-video-preview:-1"},"canonical":"https:\/\/www.pucp.edu.pe\/climadecambios\/la-pucp-camino-a-la-cop30\/investigacion\/","og_locale":"es_ES","og_type":"article","og_title":"Investigaci\u00f3n - Clima de cambios","og_description":"La PUCP contribuye activamente a la lucha frente al cambio clim\u00e1tico a trav\u00e9s de proyectos de investigaci\u00f3n especialidades e interdisciplinarios que abordan tanto los impactos como las posibles soluciones frente a este fen\u00f3meno. Nuestros investigadores trabajan en \u00e1reas como energ\u00edas renovables, gesti\u00f3n de recursos h\u00eddricos, conservaci\u00f3n de ecosistemas y dise\u00f1o de ciudades sostenibles, generando conocimiento [&hellip;]","og_url":"https:\/\/www.pucp.edu.pe\/climadecambios\/la-pucp-camino-a-la-cop30\/investigacion\/","og_site_name":"Clima de cambios","article_modified_time":"2025-11-28T20:52:03+00:00","twitter_misc":{"Tiempo de lectura":"1 minuto"},"schema":{"@context":"https:\/\/schema.org","@graph":[{"@type":"WebPage","@id":"https:\/\/www.pucp.edu.pe\/climadecambios\/la-pucp-camino-a-la-cop30\/investigacion\/","url":"https:\/\/www.pucp.edu.pe\/climadecambios\/la-pucp-camino-a-la-cop30\/investigacion\/","name":"Investigaci\u00f3n - Clima de cambios","isPartOf":{"@id":"https:\/\/www.pucp.edu.pe\/climadecambios\/#website"},"datePublished":"2025-09-18T21:37:50+00:00","dateModified":"2025-11-28T20:52:03+00:00","breadcrumb":{"@id":"https:\/\/www.pucp.edu.pe\/climadecambios\/la-pucp-camino-a-la-cop30\/investigacion\/#breadcrumb"},"inLanguage":"es","potentialAction":[{"@type":"ReadAction","target":["https:\/\/www.pucp.edu.pe\/climadecambios\/la-pucp-camino-a-la-cop30\/investigacion\/"]}]},{"@type":"BreadcrumbList","@id":"https:\/\/www.pucp.edu.pe\/climadecambios\/la-pucp-camino-a-la-cop30\/investigacion\/#breadcrumb","itemListElement":[{"@type":"ListItem","position":1,"name":"Home","item":"https:\/\/www.pucp.edu.pe\/climadecambios\/"},{"@type":"ListItem","position":2,"name":"La PUCP en la COP30","item":"https:\/\/www.pucp.edu.pe\/climadecambios\/la-pucp-camino-a-la-cop30\/"},{"@type":"ListItem","position":3,"name":"Investigaci\u00f3n"}]},{"@type":"WebSite","@id":"https:\/\/www.pucp.edu.pe\/climadecambios\/#website","url":"https:\/\/www.pucp.edu.pe\/climadecambios\/","name":"Clima de cambios","description":"Clima de Cambios es una iniciativa medioambiental de la Pontificia Universidad Cat\u00f3lica del Per\u00fa para concientizar y sensibilizar a la ciudadan\u00eda sobre los efectos del cambio clim\u00e1tico en el Per\u00fa y el mundo.","potentialAction":[{"@type":"SearchAction","target":{"@type":"EntryPoint","urlTemplate":"https:\/\/www.pucp.edu.pe\/climadecambios\/?s={search_term_string}"},"query-input":{"@type":"PropertyValueSpecification","valueRequired":true,"valueName":"search_term_string"}}],"inLanguage":"es"}]}},"_links":{"self":[{"href":"https:\/\/www.pucp.edu.pe\/climadecambios\/wp-json\/wp\/v2\/pages\/14033","targetHints":{"allow":["GET"]}}],"collection":[{"href":"https:\/\/www.pucp.edu.pe\/climadecambios\/wp-json\/wp\/v2\/pages"}],"about":[{"href":"https:\/\/www.pucp.edu.pe\/climadecambios\/wp-json\/wp\/v2\/types\/page"}],"author":[{"embeddable":true,"href":"https:\/\/www.pucp.edu.pe\/climadecambios\/wp-json\/wp\/v2\/users\/23"}],"replies":[{"embeddable":true,"href":"https:\/\/www.pucp.edu.pe\/climadecambios\/wp-json\/wp\/v2\/comments?post=14033"}],"version-history":[{"count":0,"href":"https:\/\/www.pucp.edu.pe\/climadecambios\/wp-json\/wp\/v2\/pages\/14033\/revisions"}],"up":[{"embeddable":true,"href":"https:\/\/www.pucp.edu.pe\/climadecambios\/wp-json\/wp\/v2\/pages\/14031"}],"wp:attachment":[{"href":"https:\/\/www.pucp.edu.pe\/climadecambios\/wp-json\/wp\/v2\/media?parent=14033"}],"curies":[{"name":"wp","href":"https:\/\/api.w.org\/{rel}","templated":true}]}}